1 + (-496)/(-4). Calculate the greatest common factor of 50 and y.
25
Suppose 5*l + 0*l - 305 = 0. Let y = -25 + l. What is the greatest common divisor of 4 and y?
4
Let w be 208 + (14/63)/(1/9). Calculate the highest common factor of w and 30.
30
Let g be 2/(-3)*(-45)/6. Suppose k - g = 13. What is the greatest common factor of k and 198?
18
Suppose -9 + 4 = -t. Suppose 3*y - 11 = -t. Let n be 1 + y + -1 + -1. What is the greatest common factor of 8 and n?
1
Let c(j) = -j**2 + 4*j. Let b be c(3). Suppose 5*z - 324 = b*z. Calculate the greatest common factor of 18 and z.
18
Let v = 38 + -14. Calculate the highest common factor of v and 16.
8
Suppose c - 36 = -2*c + z, 2*c - 2*z - 28 = 0. Let i(l) = l**2 + 2*l + 2. Let s be i(-1). What is the highest common factor of s and c?
1
Suppose -2*z - 20 = -4*z. What is the greatest common divisor of 110 and z?
10
Let p(q) = -q**2 + 7*q + 10. Let v be p(8). Suppose v*b + 0*j + 4*j - 276 = 0, -4*j = b - 138. Let x = 258 - b. Calculate the highest common factor of x and 12.
12
Let l be ((-72)/(-28))/((-3)/(-28)). Calculate the greatest common factor of l and 8.
8
Let x = -24 + 48. What is the greatest common factor of 24 and x?
24
Let t be 2/(-10) + (-603)/(-15). Let k(q) = -7*q - 5. Let b be k(-3). Calculate the highest common factor of b and t.
8
Suppose -2*b + 12 = 4*x, -3*b = -4*b + x. Let k be (6 - b - 2) + 3. Calculate the highest common divisor of k and 2.
1
Let w(l) = 38*l. Let m(v) = v**2 - 3*v + 3. Let u be m(2). Let r be w(u). Calculate the highest common factor of 95 and r.
19
Suppose -n = -3*p - 5, n + p = 6*n - 11. Suppose 0 = -2*v - 3*o + 33, -n*v - o + 53 = -2*o. What is the greatest common factor of 60 and v?
12
Suppose -4*n + 25 = -3*u, 3*n - 2*u = 14 + 4. What is the highest common divisor of 4 and n?
4
Let h(r) = -20*r + 5. Let u be (-4*1)/(-4 + 5). Let j be h(u). Let o = j - 49. Calculate the greatest common divisor of 90 and o.
18
Suppose 0 = -0*q + 3*q - 6. Let h be 1*q/(-6)*-12. Suppose r + h*r - 73 = -3*f, -4*r = 4. What is the highest common factor of f and 65?
13
Let a be -1 + (3/(-3) - -3). Let f be -5 + 202 + (a - 0). What is the greatest common divisor of 18 and f?
18
Let p(l) = -l**3 + 12*l**2 + 4*l - 18. Let d be ((-8)/(-12))/((-5)/(-90)). Let i be p(d). What is the greatest common divisor of i and 12?
6
Let r be (-132)/(-22)*4/6. What is the highest common factor of r and 1?
1
Let i = 2 + -2. Let s = -8 + 8. Suppose -3*j - v + 298 = s, 5*j + v - 2*v - 502 = i. What is the highest common factor of 10 and j?
10
Let t(p) = 27*p**2 + 1. Let i be t(1). Let a = -13 + i. What is the highest common factor of 10 and a?
5
Let k = 42 + -24. What is the highest common divisor of 2 and k?
2
Suppose 3*o = 2*o + 3*d + 17, 0 = 4*o - 3*d - 32. Suppose 2*j - o*j + 27 = 0. What is the highest common divisor of 18 and j?
9
Let r(x) = x**2 - 9*x + 12. Let k be r(10). What is the highest common factor of k and 22?
22
Let g(n) = 4*n**2 - 3*n + 2. Suppose -2*u - q + 18 = 2*q, 2*u - 3*q + 6 = 0. Let j be g(u). Let l = -12 + j. What is the greatest common divisor of l and 17?
17
Let k be (578/2)/(-2 - -3). Suppose -5*v - 3*u + k = 0, 13 + 34 = v - 3*u. What is the highest common divisor of 14 and v?
14
Let z(i) = -15*i - 3. Let k be z(-3). Let r be 9/(21/6 - 2). What is the highest common factor of k and r?
6
Let c = 14 - 9. What is the greatest common factor of c and 40?
5
Suppose -115 - 22 = -2*w + 5*b, -4*w - 2*b = -214. Let p = w - 12. Calculate the greatest common divisor of 22 and p.
22
Suppose -3*g - 64 = -4*g. Let n be (1 - g/(-2)) + 0. Calculate the greatest common factor of n and 22.
11
Suppose -5*k = -3*n - 125, -2*k - 4*n = -12 - 64. Let h be (-9)/(-2) + (-27)/54. Calculate the greatest common divisor of h and k.
4
Suppose -k + 4 + 6 = 4*u, 0 = -5*u + 2*k + 6. Suppose -j - u = 0, 24 + 80 = 4*o - 4*j. What is the greatest common factor of o and 36?
12
Let l = 14 + 36. Suppose -5*a + 33 = -2*y, -y + 0*a = -4*a + 24. Let r be 204/10 + y/10. Calculate the highest common factor of l and r.
10
Let r = -6 - -2. Let h(z) = z**3 + 5*z**2 - 2. Let c be h(r). What is the highest common divisor of c and 14?
14
Suppose -98 = -i + 3*q, -5*q - 154 = -3*i + 156. Suppose -4*d + 20 = d. Suppose 11 = d*s - 29. Calculate the highest common divisor of i and s.
10
Let z be -1 - -3 - (-125 + 3 + -2). Calculate the greatest common divisor of z and 14.
14
Let z(a) = -a + 2. Let p be z(-2). What is the highest common factor of 4 and p?
4
Let i = 36 - 22. Let p(v) = v**2 - 7*v + 4. Let l be p(8). Suppose n = w - l, 0 = -0*w + 3*w + 4*n - 50. What is the greatest common factor of w and i?
14
Suppose 2 = 3*g - 70. Suppose -2*w = 4*f - 20, -2*w - g = -4*w - 5*f. What is the highest common factor of 1 and w?
1
Let u be ((-3)/(-6))/(1/126). Let y = -579 - -586. What is the greatest common divisor of y and u?
7
Let o be -1 - (31 - -3) - -1. Let h be (-2)/6 - o/3. What is the greatest common divisor of h and 88?
11
Let t(l) = -l**3 - 7*l**2 + 2. Let w be t(-7). Suppose 5*x - w*o - 45 - 50 = 0, -5*x + 4*o + 95 = 0. Calculate the highest common factor of x and 38.
19
Suppose 4*p = 2*p + 6, 3*w - 4*p - 252 = 0. What is the greatest common factor of w and 11?
11
Let s = 105 + -33. Let x be ((-4)/(-5))/(4/30). Let y(g) = 3*g - 9. Let b be y(x). What is the highest common divisor of b and s?
9
Suppose -5*i + q + 317 = -2*q, 2*i - 2*q - 126 = 0. What is the greatest common factor of 16 and i?
16
Let u be 2 - 3/(6/40). Let b = u - -30. Let l be ((-1)/(-2))/((-2)/(-12)). Calculate the greatest common divisor of l and b.
3
Let f = -5 + -8. Let j = f - -37. What is the highest common divisor of 8 and j?
8
Suppose 0 = 13*n - 12*n - 43. What is the greatest common divisor of 473 and n?
43
Let z(x) = x**2 + 6. Let n be (-32)/(-12) + 4/(-6). Let i = -2 + n. Let b be z(i). What is the greatest common divisor of 15 and b?
3
Suppose 4*t + 4 - 32 = -4*l, 0 = 3*t - 12. What is the greatest common divisor of 6 and l?
3
Let y(w) = -w**2 - 3*w + 4. Let l be y(-3). Suppose s = -l*s + 30. Let o(z) = -z**2 + 10*z + 3. Let m be o(7). What is the highest common divisor of s and m?
6
Suppose d + 5*r = 25, -4*d - r = 2*r - 49. What is the greatest common factor of d and 4?
2
Let r = 69 + -13. What is the greatest common factor of 16 and r?
8
Let n = 14 + 4. Let k be -18*4/((-32)/12). What is the highest common factor of n and k?
9
Let t = 33 - 31. Calculate the greatest common factor of 6 and t.
2
Suppose r + 4*r - 203 = -t, -2*t = 3*r - 371. Let a = -120 + 200. Let x = t - a. Calculate the greatest common divisor of x and 14.
14
Suppose 516 = 5*r - 3*i, -2*i + 306 = 3*r - 5*i. Let f(o) = -o + 36. Let q be f(15). Calculate the highest common factor of r and q.
21
Let g = -3 - -6. Suppose -3*t - 10 = k, -k - g*t = -2*k + 20. Calculate the greatest common divisor of 20 and k.
5
Let n(h) = h**3 - h**2 - 2*h + 2. Let j be n(2). Let m be 2 + 8 + (j - 1). What is the highest common factor of m and 11?
11
Let k(x) = x**2 + 9*x + 15. Let s be k(-13). Suppose -3*a = -s - 14. Calculate the greatest common factor of a and 297.
27
Let n(j) = -j**2 - 8*j - 6. Let o be n(-7). Let z = o + 1. Let u(q) = 2*q**3 - 2*q**2 + 2*q - 2. Let h be u(2). What is the greatest common divisor of z and h?
2
Let s be 4/(-18) + (-16)/9. Let a(g) = -4*g**2 - 4*g - 2. Let x be a(s). Let m be (-5)/x*(0 + 6). Calculate the highest common factor of 3 and m.
3
Let p(x) = 2*x + 10. Let o be p(0). Calculate the highest common divisor of o and 30.
10
Suppose i = 3*s - 8, -3*i = -8*i + 4*s + 4. Let o = 5 - 2. Suppose -4*c = -o*a - 47, 0 = c + 6*a - 3*a + 7. Calculate the highest common factor of c and i.
4
Let s(d) = -d + 6. Let q = -1 + 3. Suppose -q*w - 4 = -4*j, -2*w - 3 = -4*w - 3*j. Let u be s(w). Calculate the highest common divisor of u and 2.
2
Let l = -1 + 3. Suppose 4*z + l = 10. Suppose z*d - 96 = -d. Calculate the greatest common factor of d and 48.
16
Suppose -2*u + 3 = -3*u, 0 = 3*n - u + 72. Let t = 2 - n. Calculate the greatest common divisor of 297 and t.
27
Let v(p) = 9*p - 12. Let t be v(4). What is the highest common factor of 16 and t?
8
Let f(r) = r + 9. Let q be f(9). Calculate the highest common divisor of 63 and q.
9
Let f(b) = b**2 + 42. Let d be f(0). What is